s 7748969 a prime number?
True
Is 30949091 a prime number?
True
Is 85308451 a composite number?
True
Is 36823153 a composite number?
False
Is 208470463 a prime number?
True
Is 224286382 composite?
True
Is 19540793 prime?
False
Is 1581947 a prime number?
False
Is 33533987 a prime number?
True
Is 45159857 prime?
True
Is 1625257 composite?
False
Is 2246293 prime?
False
Is 567377 composite?
False
Is 5024291 a prime number?
False
Is 71536901 a prime number?
False
Is 557269 prime?
True
Is 224449462 prime?
False
Is 5415923 a composite number?
True
Is 18399281 a prime number?
True
Is 18599837 prime?
True
Is 38336419 prime?
False
Is 43778569 a prime number?
False
Is 1124735681 prime?
False
Is 538 composite?
True
Is 483623926 prime?
False
Is 539099 prime?
False
Is 21305233 a composite number?
True
Is 3765299 a composite number?
False
Is 408041 a composite number?
False
Is 20241013 prime?
False
Is 530833 a prime number?
True
Is 1325893 prime?
False
Is 659040539 a composite number?
False
Is 80915 composite?
True
Is 677107 a composite number?
False
Is 1742054143 a prime number?
True
Is 104918531 prime?
True
Is 213186439 a prime number?
False
Is 2466602 composite?
True
Is 10455613 composite?
True
Is 2141081 composite?
True
Is 341683766 prime?
False
Is 155501 prime?
True
Is 38646071 a prime number?
True
Is 4016819 a prime number?
False
Is 5253569 a prime number?
False
Is 17345407 a prime number?
True
Is 474355939 composite?
False
Is 415216079 prime?
False
Is 20882107 a prime number?
True
Is 3074299 composite?
False
Is 38086099 a prime number?
True
Is 171657302 composite?
True
Is 115091813 prime?
True
Is 61604867 a composite number?
True
Is 1175879 composite?
True
Is 128367127 prime?
False
Is 8727989 composite?
False
Is 12789307 prime?
True
Is 48119711 a composite number?
False
Is 3163757 a composite number?
True
Is 1169928847 a prime number?
True
Is 134129 a composite number?
False
Is 59614421 a composite number?
False
Is 8314771 a composite number?
False
Is 4192541 prime?
False
Is 1954783 composite?
True
Is 2005277 prime?
True
Is 5553349 composite?
False
Is 92022481 a prime number?
False
Is 82342087 a composite number?
False
Is 24105533 composite?
True
Is 52958615 a prime number?
False
Is 30913307 a prime number?
True
Is 74898319 composite?
False
Is 596721371 a prime number?
False
Is 72456731 composite?
False
Is 21035849 a composite number?
True
Is 15570183 a composite number?
True
Is 4644281 composite?
True
Is 8278859 composite?
True
Is 20180843 composite?
False
Is 959047039 prime?
False
Is 46419986 composite?
True
Is 7250759 composite?
False
Is 1943467 prime?
True
Is 259692137 a composite number?
False
Is 30739951 prime?
False
Is 37844239 a prime number?
False
Is 5367091 a composite number?
False
Is 694607637 composite?
True
Is 21697009 a prime number?
False
Is 29557183 a prime number?
False
Is 240169497 a composite number?
True
Is 21702083 a prime number?
False
Is 11482969 a prime number?
True
Is 15520931 composite?
True
Is 609517669 a prime number?
True
Is 4656703 prime?
True
Is 163104061 a prime number?
True
Is 105017779 composite?
False
Is 47803003 composite?
False
Is 435177047 a composite number?
True
Is 2656757 prime?
True
Is 600208073 a composite number?
True
Is 164079637 prime?
True
Is 98777867 a composite number?
True
Is 1953101 composite?
False
Is 135708383 prime?
True
Is 20227781 a composite number?
True
Is 66748469 a prime number?
False
Is 300224177 a prime number?
False
Is 10217426 composite?
True
Is 32313101 prime?
True
Is 43459123 a composite number?
True
Is 28656937 composite?
False
Is 2974079 a prime number?
True
Is 43498907 prime?
True
Is 1562833 composite?
False
Is 421691 prime?
True
Is 10714799 composite?
True
Is 1691087 a composite number?
False
Is 21800509 a composite number?
False
Is 141113977 a prime number?
True
Is 414314237 a prime number?
True
Is 33316403 prime?
False
Is 118416461 prime?
True
Is 33828097 composite?
False
Is 2161693 composite?
True
Is 278320349 a prime number?
True
Is 4583261 prime?
True
Is 494911 composite?
True
Is 27364639 composite?
True
Is 9939211 prime?
True
Is 276631 a composite number?
True
Is 29367599 a prime number?
False
Is 16740391 composite?
True
Is 27631 a composite number?
False
Is 28388947 a prime number?
True
Is 400512677 prime?
True
Is 330238327 composite?
True
Is 2410153 a composite number?
False
Is 674222753 a prime number?
True
Is 311341 a composite number?
False
Is 843379 a prime number?
True
Is 725147 composite?
False
Is 18801595 a prime number?
False
Is 118967 a composite number?
False
Is 270349 prime?
False
Is 26520411 a prime number?
False
Is 86566889 a composite number?
False
Is 101524426 composite?
True
Is 324192061 prime?
False
Is 307365731 prime?
False
Is 16262731 composite?
True
Is 3219313 a prime number?
False
Is 126012769 a composite number?
True
Is 22927859 a composite number?
False
Is 1174371355 composite?
True
Is 43850357 a composite number?
True
Is 15534907 a composite number?
False
Is 1275259 composite?
True
Is 488491 composite?
True
Is 60233483 a composite number?
True
Is 127069689 a prime number?
False
Is 3644183 a composite number?
False
Is 509003183 a prime number?
False
Is 2585707 a prime number?
True
Is 10110229 a composite number?
False
Is 16241549 composite?
False
Is 333543901 a composite number?
False
Is 1952399 prime?
False
Is 2855551 a prime number?
False
Is 21361391 prime?
True
Is 86931331 a composite number?
False
Is 1631897 composite?
False
Is 2901331 composite?
True
Is 227489 a prime number?
True
Is 6240005 composite?
True
Is 56157161 composite?
False
Is 226551526 a composite number?
True
Is 363791819 composite?
False
Is 970243 prime?
False
Is 218767 a prime number?
False
Is 582163 a composite number?
True
Is 91205389 a composite number?
True
Is 7041847 a prime number?
True
Is 10133957 composite?
False
Is 275078467 a prime number?
False
Is 1009559 prime?
True
Is 30831949 composite?
True
Is 107763419 a prime number?
True
Is 4527893 a prime number?
True
Is 43878623 prime?
False
Is 317374627 composite?
True
Is 1411847 prime?
True
Is 4891741 composite?
True
Is 10004851 a composite number?
False
Is 818267 a composite number?
True
Is 336410011 a prime number?
False
Is 454379 prime?
True
Is 5498869 a composite number?
True
Is 12208627 prime?
True
Is 73996471 a prime number?
False
Is 177467 prime?
True
Is 2396789 prime?
True
Is 78583067 a prime number?
False
Is 6811871 composite?
True
Is 2798821 a prime number?
True
Is 47693069 composite?
False
Is 34258867 a composite number?
False
Is 257204177 composite?
True
Is 692789 a prime number?
True
Is 7503203 prime?
True
Is 192041221 composite?
True
Is 17440169 a prime number?
False
Is 4606521 a composite number?
True
Is 49321873 prime?
True
Is 468901879 composite?
False
Is 63340633 a prime number?
False
Is 181553381 prime?
True
Is 1169627 a prime number?
True
Is 7191269 a composite number?
True
Is 11718142 composite?
True
Is 13963 a prime number?
True
Is 893317 prime?
True
Is 19258141 composite?
True
Is 966307 prime?
True
Is 12803963 a composite number?
False
Is 1645643 a composite number?
False
Is 1692973 composite?
True
Is 347951177 composite?
True
Is 3513893 prime?
True
Is 114963253 prime?
True
Is 19853167 a prime number?
True
Is 15185701 a composite number?
True
Is 192677 a prime number?
True
Is 41255483 composite?
True
Is 113140127 a composite number?
False
Is 1925689 a composite number?
True
Is 156984977 a composite number?
False
Is 296909 a prime number?
True
Is 30148933 prime?
True
Is 41023727 a composite number?
False
Is 4154333 composite?
False
Is 90579341 prime?
True
Is 2151599 composite?
True
Is 3682345 composite?
True
Is 84155363 prime?
True
Is 21599801 a prime number?
True
Is 58812217 prime?
True
Is 3429067 prime?
True
Is 4720477 a composite number?
False
Is 22921651 a composite number?
False
Is 102085783 a composite number?
False
Is 521641 a prime number?
True
Is 80219 a prime number?
False
Is 1365787 a prime number?
True
Is 239464763 prime?
True
Is 11360641 prime?
False
Is 4025953 a prime number?
False
Is 727549 a composite number?
True
Is 98957777 a composite number?
False
Is 1912259 prime?
True
Is 124262531 a composite number?
False
Is 1855827767 prime?
True
Is 114505 a prime number?
False
Is 9935129 a p